{"id":445,"date":"2022-07-20T09:53:02","date_gmt":"2022-07-20T09:53:02","guid":{"rendered":"https:\/\/studiodoublem.fr\/?page_id=445"},"modified":"2023-09-11T05:41:08","modified_gmt":"2023-09-11T05:41:08","slug":"portfolio","status":"publish","type":"page","link":"https:\/\/studiodoublem.fr\/?page_id=445","title":{"rendered":"Portfolio"},"content":{"rendered":"\n<div class=\"wp-block-cover alignfull has-parallax has-custom-content-position is-position-bottom-left\" style=\"background-image:url(http:\/\/studiodoublem.fr\/wp-content\/uploads\/2022\/11\/BANIERE-PORTOFOLIO.jpg);min-height:521px\"><span aria-hidden=\"true\" class=\"wp-block-cover__background has-ast-global-color-2-background-color has-background-dim-60 has-background-dim\"><\/span><div class=\"wp-block-cover__inner-container\">\n<h1 class=\"has-white-color has-text-color\">Portfolio<\/h1>\n<\/div><\/div>\n\n\n\n<div class=\"wp-container-1 is-nowrap wp-block-group\">\n<div style=\"height:100px\" aria-hidden=\"true\" class=\"wp-block-spacer\"><\/div>\n<\/div>\n\n\n\n<div class=\"wp-container-2 wp-block-group alignfull has-ast-global-color-5-background-color has-background\">\n<figure class=\"wp-block-pullquote has-nv-dark-bg-color has-neve-link-color-background-color has-text-color has-background has-medium-font-size\"><blockquote><p>Tu trouveras ci-apr\u00e8s les r\u00e9alisations des clients qui m&rsquo;ont fait confiance<\/p><\/blockquote><\/figure>\n<\/div>\n\n\n\n<div style=\"height:100px\" aria-hidden=\"true\" class=\"wp-block-spacer\"><\/div>\n\n\n\n<div class=\"wp-container-25 wp-block-group has-nv-c-2-background-color has-background\" style=\"padding-top:35px;padding-right:35px;padding-bottom:35px;padding-left:35px\">\n<div class=\"wp-container-24 wp-block-group has-nv-c-2-background-color has-background\">\n<div class=\"wp-container-9 wp-block-columns\">\n<div class=\"wp-container-8 wp-block-column\" style=\"flex-basis:100%\">\n<div class=\"wp-container-7 wp-block-columns\">\n<div class=\"wp-container-6 wp-block-column\" style=\"flex-basis:66.66%\">\n<blockquote class=\"wp-block-quote has-white-color has-text-color has-large-font-size\"><p><\/p><cite><strong><mark style=\"background-color:rgba(0, 0, 0, 0)\" class=\"has-inline-color has-nv-dark-bg-color\">IDENTITE VISUELLE<\/mark><\/strong><\/cite><\/blockquote>\n\n\n\n<p class=\"has-nv-text-dark-bg-color has-text-color has-medium-font-size\">Ton identit\u00e9 visuelle est la base de ta strat\u00e9gie de communication. Une \u00e9tape \u00e0 ne pas sous-estimer lors de la cr\u00e9ation de ton business.&nbsp;<br>Elle symbolise ta personnalit\u00e9.&nbsp;<br>D\u00e9marque toi gr\u00e2ce \u00e0 elle !<\/p>\n\n\n\n<div class=\"wp-container-4 wp-block-columns\">\n<div class=\"wp-container-3 wp-block-column\"><\/div>\n<\/div>\n\n\n\n<div class=\"wp-container-5 wp-block-buttons\"><\/div>\n<\/div>\n<\/div>\n<\/div>\n<\/div>\n\n\n\n<div class=\"wp-container-15 wp-block-columns\">\n<div class=\"wp-container-14 wp-block-column\">\n<div class=\"wp-container-13 wp-block-columns\">\n<div class=\"wp-container-12 wp-block-column\" style=\"flex-basis:100%\">\n<figure class=\"wp-container-11 wp-block-gallery-10 wp-block-gallery aligncenter has-nested-images columns-default is-cropped\">\n<figure class=\"wp-block-image size-large is-style-default\"><img loading=\"lazy\" width=\"1024\" height=\"1024\" src=\"https:\/\/studiodoublem.fr\/wp-content\/uploads\/2023\/09\/LOGO-ACADEMY-TRAIL-1024x1024.png\" alt=\"\" class=\"wp-image-908\" srcset=\"https:\/\/studiodoublem.fr\/wp-content\/uploads\/2023\/09\/LOGO-ACADEMY-TRAIL-1024x1024.png 1024w, https:\/\/studiodoublem.fr\/wp-content\/uploads\/2023\/09\/LOGO-ACADEMY-TRAIL-300x300.png 300w, https:\/\/studiodoublem.fr\/wp-content\/uploads\/2023\/09\/LOGO-ACADEMY-TRAIL-150x150.png 150w, https:\/\/studiodoublem.fr\/wp-content\/uploads\/2023\/09\/LOGO-ACADEMY-TRAIL-768x768.png 768w, https:\/\/studiodoublem.fr\/wp-content\/uploads\/2023\/09\/LOGO-ACADEMY-TRAIL-500x500.png 500w, https:\/\/studiodoublem.fr\/wp-content\/uploads\/2023\/09\/LOGO-ACADEMY-TRAIL-800x800.png 800w, https:\/\/studiodoublem.fr\/wp-content\/uploads\/2023\/09\/LOGO-ACADEMY-TRAIL.png 1080w\" sizes=\"(max-width: 1024px) 100vw, 1024px\" \/><\/figure>\n\n\n\n<figure class=\"wp-block-image size-large\"><img loading=\"lazy\" width=\"1024\" height=\"1024\" src=\"https:\/\/studiodoublem.fr\/wp-content\/uploads\/2023\/09\/LOGO-ACHFA-1024x1024.png\" alt=\"\" class=\"wp-image-905\" srcset=\"https:\/\/studiodoublem.fr\/wp-content\/uploads\/2023\/09\/LOGO-ACHFA-1024x1024.png 1024w, https:\/\/studiodoublem.fr\/wp-content\/uploads\/2023\/09\/LOGO-ACHFA-300x300.png 300w, https:\/\/studiodoublem.fr\/wp-content\/uploads\/2023\/09\/LOGO-ACHFA-150x150.png 150w, https:\/\/studiodoublem.fr\/wp-content\/uploads\/2023\/09\/LOGO-ACHFA-768x768.png 768w, https:\/\/studiodoublem.fr\/wp-content\/uploads\/2023\/09\/LOGO-ACHFA-500x500.png 500w, https:\/\/studiodoublem.fr\/wp-content\/uploads\/2023\/09\/LOGO-ACHFA-800x800.png 800w, https:\/\/studiodoublem.fr\/wp-content\/uploads\/2023\/09\/LOGO-ACHFA.png 1080w\" sizes=\"(max-width: 1024px) 100vw, 1024px\" \/><\/figure>\n\n\n\n<figure class=\"wp-block-image size-large\"><img loading=\"lazy\" width=\"1024\" height=\"1024\" src=\"https:\/\/studiodoublem.fr\/wp-content\/uploads\/2023\/09\/LOGO-ARTMONIE-DU-TOUCHER-1024x1024.png\" alt=\"\" class=\"wp-image-909\" srcset=\"https:\/\/studiodoublem.fr\/wp-content\/uploads\/2023\/09\/LOGO-ARTMONIE-DU-TOUCHER-1024x1024.png 1024w, https:\/\/studiodoublem.fr\/wp-content\/uploads\/2023\/09\/LOGO-ARTMONIE-DU-TOUCHER-300x300.png 300w, https:\/\/studiodoublem.fr\/wp-content\/uploads\/2023\/09\/LOGO-ARTMONIE-DU-TOUCHER-150x150.png 150w, https:\/\/studiodoublem.fr\/wp-content\/uploads\/2023\/09\/LOGO-ARTMONIE-DU-TOUCHER-768x768.png 768w, https:\/\/studiodoublem.fr\/wp-content\/uploads\/2023\/09\/LOGO-ARTMONIE-DU-TOUCHER-500x500.png 500w, https:\/\/studiodoublem.fr\/wp-content\/uploads\/2023\/09\/LOGO-ARTMONIE-DU-TOUCHER-800x800.png 800w, https:\/\/studiodoublem.fr\/wp-content\/uploads\/2023\/09\/LOGO-ARTMONIE-DU-TOUCHER.png 1080w\" sizes=\"(max-width: 1024px) 100vw, 1024px\" \/><\/figure>\n\n\n\n<figure class=\"wp-block-image size-large\"><img loading=\"lazy\" width=\"1024\" height=\"1024\" src=\"https:\/\/studiodoublem.fr\/wp-content\/uploads\/2023\/09\/LOGO-EV-SERVICES-1024x1024.png\" alt=\"\" class=\"wp-image-904\" srcset=\"https:\/\/studiodoublem.fr\/wp-content\/uploads\/2023\/09\/LOGO-EV-SERVICES-1024x1024.png 1024w, https:\/\/studiodoublem.fr\/wp-content\/uploads\/2023\/09\/LOGO-EV-SERVICES-300x300.png 300w, https:\/\/studiodoublem.fr\/wp-content\/uploads\/2023\/09\/LOGO-EV-SERVICES-150x150.png 150w, https:\/\/studiodoublem.fr\/wp-content\/uploads\/2023\/09\/LOGO-EV-SERVICES-768x768.png 768w, https:\/\/studiodoublem.fr\/wp-content\/uploads\/2023\/09\/LOGO-EV-SERVICES-500x500.png 500w, https:\/\/studiodoublem.fr\/wp-content\/uploads\/2023\/09\/LOGO-EV-SERVICES-800x800.png 800w, https:\/\/studiodoublem.fr\/wp-content\/uploads\/2023\/09\/LOGO-EV-SERVICES.png 1080w\" sizes=\"(max-width: 1024px) 100vw, 1024px\" \/><\/figure>\n\n\n\n<figure class=\"wp-block-image size-large\"><img loading=\"lazy\" width=\"1024\" height=\"1024\" src=\"https:\/\/studiodoublem.fr\/wp-content\/uploads\/2023\/09\/LOGO-G2RT-1024x1024.png\" alt=\"\" class=\"wp-image-906\" srcset=\"https:\/\/studiodoublem.fr\/wp-content\/uploads\/2023\/09\/LOGO-G2RT-1024x1024.png 1024w, https:\/\/studiodoublem.fr\/wp-content\/uploads\/2023\/09\/LOGO-G2RT-300x300.png 300w, https:\/\/studiodoublem.fr\/wp-content\/uploads\/2023\/09\/LOGO-G2RT-150x150.png 150w, https:\/\/studiodoublem.fr\/wp-content\/uploads\/2023\/09\/LOGO-G2RT-768x768.png 768w, https:\/\/studiodoublem.fr\/wp-content\/uploads\/2023\/09\/LOGO-G2RT-500x500.png 500w, https:\/\/studiodoublem.fr\/wp-content\/uploads\/2023\/09\/LOGO-G2RT-800x800.png 800w, https:\/\/studiodoublem.fr\/wp-content\/uploads\/2023\/09\/LOGO-G2RT.png 1080w\" sizes=\"(max-width: 1024px) 100vw, 1024px\" \/><\/figure>\n\n\n\n<figure class=\"wp-block-image size-large\"><img loading=\"lazy\" width=\"1024\" height=\"1024\" src=\"https:\/\/studiodoublem.fr\/wp-content\/uploads\/2023\/09\/LOGO-PMU-1024x1024.png\" alt=\"\" class=\"wp-image-902\" srcset=\"https:\/\/studiodoublem.fr\/wp-content\/uploads\/2023\/09\/LOGO-PMU-1024x1024.png 1024w, https:\/\/studiodoublem.fr\/wp-content\/uploads\/2023\/09\/LOGO-PMU-300x300.png 300w, https:\/\/studiodoublem.fr\/wp-content\/uploads\/2023\/09\/LOGO-PMU-150x150.png 150w, https:\/\/studiodoublem.fr\/wp-content\/uploads\/2023\/09\/LOGO-PMU-768x768.png 768w, https:\/\/studiodoublem.fr\/wp-content\/uploads\/2023\/09\/LOGO-PMU-500x500.png 500w, https:\/\/studiodoublem.fr\/wp-content\/uploads\/2023\/09\/LOGO-PMU-800x800.png 800w, https:\/\/studiodoublem.fr\/wp-content\/uploads\/2023\/09\/LOGO-PMU.png 1080w\" sizes=\"(max-width: 1024px) 100vw, 1024px\" \/><\/figure>\n\n\n\n<figure class=\"wp-block-image size-large\"><img loading=\"lazy\" width=\"1024\" height=\"1024\" src=\"https:\/\/studiodoublem.fr\/wp-content\/uploads\/2023\/09\/LOGO-RUTHENE-COACHIN-1024x1024.png\" alt=\"\" class=\"wp-image-903\" srcset=\"https:\/\/studiodoublem.fr\/wp-content\/uploads\/2023\/09\/LOGO-RUTHENE-COACHIN-1024x1024.png 1024w, https:\/\/studiodoublem.fr\/wp-content\/uploads\/2023\/09\/LOGO-RUTHENE-COACHIN-300x300.png 300w, https:\/\/studiodoublem.fr\/wp-content\/uploads\/2023\/09\/LOGO-RUTHENE-COACHIN-150x150.png 150w, https:\/\/studiodoublem.fr\/wp-content\/uploads\/2023\/09\/LOGO-RUTHENE-COACHIN-768x768.png 768w, https:\/\/studiodoublem.fr\/wp-content\/uploads\/2023\/09\/LOGO-RUTHENE-COACHIN-500x500.png 500w, https:\/\/studiodoublem.fr\/wp-content\/uploads\/2023\/09\/LOGO-RUTHENE-COACHIN-800x800.png 800w, https:\/\/studiodoublem.fr\/wp-content\/uploads\/2023\/09\/LOGO-RUTHENE-COACHIN.png 1080w\" sizes=\"(max-width: 1024px) 100vw, 1024px\" \/><\/figure>\n\n\n\n<figure class=\"wp-block-image size-large\"><img loading=\"lazy\" width=\"1024\" height=\"1024\" src=\"https:\/\/studiodoublem.fr\/wp-content\/uploads\/2023\/09\/LOGO-VIVA-NATURE-1024x1024.png\" alt=\"\" class=\"wp-image-907\" srcset=\"https:\/\/studiodoublem.fr\/wp-content\/uploads\/2023\/09\/LOGO-VIVA-NATURE-1024x1024.png 1024w, https:\/\/studiodoublem.fr\/wp-content\/uploads\/2023\/09\/LOGO-VIVA-NATURE-300x300.png 300w, https:\/\/studiodoublem.fr\/wp-content\/uploads\/2023\/09\/LOGO-VIVA-NATURE-150x150.png 150w, https:\/\/studiodoublem.fr\/wp-content\/uploads\/2023\/09\/LOGO-VIVA-NATURE-768x768.png 768w, https:\/\/studiodoublem.fr\/wp-content\/uploads\/2023\/09\/LOGO-VIVA-NATURE-500x500.png 500w, https:\/\/studiodoublem.fr\/wp-content\/uploads\/2023\/09\/LOGO-VIVA-NATURE-800x800.png 800w, https:\/\/studiodoublem.fr\/wp-content\/uploads\/2023\/09\/LOGO-VIVA-NATURE.png 1080w\" sizes=\"(max-width: 1024px) 100vw, 1024px\" \/><\/figure>\n\n\n\n<figure class=\"wp-block-image size-large\"><img loading=\"lazy\" width=\"1024\" height=\"1024\" src=\"https:\/\/studiodoublem.fr\/wp-content\/uploads\/2023\/09\/2_LOGO-1024x1024.png\" alt=\"\" class=\"wp-image-922\" srcset=\"https:\/\/studiodoublem.fr\/wp-content\/uploads\/2023\/09\/2_LOGO-1024x1024.png 1024w, https:\/\/studiodoublem.fr\/wp-content\/uploads\/2023\/09\/2_LOGO-300x300.png 300w, https:\/\/studiodoublem.fr\/wp-content\/uploads\/2023\/09\/2_LOGO-150x150.png 150w, https:\/\/studiodoublem.fr\/wp-content\/uploads\/2023\/09\/2_LOGO-768x768.png 768w, https:\/\/studiodoublem.fr\/wp-content\/uploads\/2023\/09\/2_LOGO-500x500.png 500w, https:\/\/studiodoublem.fr\/wp-content\/uploads\/2023\/09\/2_LOGO-800x800.png 800w, https:\/\/studiodoublem.fr\/wp-content\/uploads\/2023\/09\/2_LOGO.png 1080w\" sizes=\"(max-width: 1024px) 100vw, 1024px\" \/><figcaption>projet fictif<\/figcaption><\/figure>\n<\/figure>\n<\/div>\n<\/div>\n<\/div>\n<\/div>\n\n\n\n<div class=\"wp-container-23 wp-block-columns\">\n<div class=\"wp-container-22 wp-block-column\" style=\"flex-basis:100%\">\n<div class=\"wp-container-21 wp-block-columns\">\n<div class=\"wp-container-20 wp-block-column\">\n<div class=\"wp-container-19 wp-block-columns\">\n<div class=\"wp-container-16 wp-block-column\"><\/div>\n\n\n\n<div class=\"wp-container-17 wp-block-column\"><\/div>\n\n\n\n<div class=\"wp-container-18 wp-block-column\"><\/div>\n<\/div>\n<\/div>\n<\/div>\n<\/div>\n<\/div>\n<\/div>\n<\/div>\n\n\n\n<div style=\"height:50px\" aria-hidden=\"true\" class=\"wp-block-spacer\"><\/div>\n\n\n\n<div class=\"wp-container-41 wp-block-group has-nv-c-1-background-color has-background\">\n<div class=\"wp-container-40 wp-block-group has-nv-c-1-background-color has-background\">\n<div class=\"wp-container-35 wp-block-group\" style=\"padding-top:35px;padding-right:35px;padding-bottom:35px;padding-left:35px\">\n<div class=\"wp-container-28 wp-block-columns has-nv-c-1-background-color has-background\">\n<div class=\"wp-container-26 wp-block-column\" style=\"flex-basis:33.33%\">\n<blockquote class=\"wp-block-quote has-large-font-size\"><p><\/p><cite><strong>SITE WEB<\/strong><\/cite><\/blockquote>\n<\/div>\n\n\n\n<div class=\"wp-container-27 wp-block-column\" style=\"flex-basis:66.66%\"><\/div>\n<\/div>\n\n\n\n<p>Pour les entrepreneur(euse)s qui cherchent \u00e0 d\u00e9velopper leur pr\u00e9sence en ligne gr\u00e2ce \u00e0 un site internet strat\u00e9gique qui les aidera \u00e0 remplir leurs objectifs.<\/p>\n\n\n\n<div class=\"wp-container-34 wp-block-columns\">\n<div class=\"wp-container-31 wp-block-column\">\n<figure class=\"wp-container-30 wp-block-gallery-29 wp-block-gallery has-nested-images columns-default is-cropped\">\n<figure class=\"wp-block-image size-large\"><img loading=\"lazy\" width=\"1080\" height=\"1080\" src=\"http:\/\/studiodoublem.fr\/wp-content\/uploads\/2023\/09\/SITE-@-VIVA-NATURE.png\" alt=\"\" class=\"wp-image-917\" srcset=\"https:\/\/studiodoublem.fr\/wp-content\/uploads\/2023\/09\/SITE-@-VIVA-NATURE.png 1080w, https:\/\/studiodoublem.fr\/wp-content\/uploads\/2023\/09\/SITE-@-VIVA-NATURE-300x300.png 300w, https:\/\/studiodoublem.fr\/wp-content\/uploads\/2023\/09\/SITE-@-VIVA-NATURE-1024x1024.png 1024w, https:\/\/studiodoublem.fr\/wp-content\/uploads\/2023\/09\/SITE-@-VIVA-NATURE-150x150.png 150w, https:\/\/studiodoublem.fr\/wp-content\/uploads\/2023\/09\/SITE-@-VIVA-NATURE-768x768.png 768w, https:\/\/studiodoublem.fr\/wp-content\/uploads\/2023\/09\/SITE-@-VIVA-NATURE-500x500.png 500w, https:\/\/studiodoublem.fr\/wp-content\/uploads\/2023\/09\/SITE-@-VIVA-NATURE-800x800.png 800w\" sizes=\"(max-width: 1080px) 100vw, 1080px\" \/><\/figure>\n<\/figure>\n<\/div>\n\n\n\n<div class=\"wp-container-32 wp-block-column\"><\/div>\n\n\n\n<div class=\"wp-container-33 wp-block-column\"><\/div>\n<\/div>\n<\/div>\n\n\n\n<div class=\"wp-container-39 wp-block-columns\">\n<div class=\"wp-container-36 wp-block-column\"><\/div>\n\n\n\n<div class=\"wp-container-37 wp-block-column\"><\/div>\n\n\n\n<div class=\"wp-container-38 wp-block-column\"><\/div>\n<\/div>\n<\/div>\n<\/div>\n\n\n\n<div class=\"wp-container-70 wp-block-group alignfull has-ast-global-color-2-background-color has-background\">\n<div style=\"height:50px\" aria-hidden=\"true\" class=\"wp-block-spacer\"><\/div>\n\n\n\n<div class=\"wp-container-69 wp-block-group has-neve-link-hover-color-background-color has-background\" style=\"padding-top:35px;padding-right:35px;padding-bottom:35px;padding-left:35px\">\n<div class=\"wp-container-44 wp-block-columns\">\n<div class=\"wp-container-42 wp-block-column\" style=\"flex-basis:66.66%\">\n<blockquote class=\"wp-block-quote has-nv-text-dark-bg-color has-text-color has-large-font-size\"><p><\/p><cite><strong>SUPPORTS DE COMMUNICATION<\/strong><\/cite><\/blockquote>\n<\/div>\n\n\n\n<div class=\"wp-container-43 wp-block-column\" style=\"flex-basis:33.33%\"><\/div>\n<\/div>\n\n\n\n<div class=\"wp-container-46 wp-block-columns\">\n<div class=\"wp-container-45 wp-block-column\" style=\"flex-basis:66.66%\">\n<p class=\"has-nv-text-dark-bg-color has-text-color has-medium-font-size\">Ta communication visuelle est indispensable dans la r\u00e9ussite et la p\u00e9rennit\u00e9 de ton entreprise, elle te permet de communiquer avec tes clients. Atteignons un objectif commun, transmettons ton message.<\/p>\n<\/div>\n<\/div>\n\n\n\n<div class=\"wp-container-58 wp-block-columns\">\n<div class=\"wp-container-51 wp-block-column\">\n<div class=\"wp-container-50 wp-block-columns\">\n<div class=\"wp-container-49 wp-block-column is-vertically-aligned-center\" style=\"flex-basis:100%\">\n<figure class=\"wp-container-48 wp-block-gallery-47 wp-block-gallery aligncenter has-nested-images columns-default is-cropped\">\n<figure class=\"wp-block-image size-large\"><img loading=\"lazy\" width=\"1080\" height=\"1080\" src=\"http:\/\/studiodoublem.fr\/wp-content\/uploads\/2023\/09\/CARTE-DE-VISITE-VIVA-EV-1.png\" alt=\"\" class=\"wp-image-915\" srcset=\"https:\/\/studiodoublem.fr\/wp-content\/uploads\/2023\/09\/CARTE-DE-VISITE-VIVA-EV-1.png 1080w, https:\/\/studiodoublem.fr\/wp-content\/uploads\/2023\/09\/CARTE-DE-VISITE-VIVA-EV-1-300x300.png 300w, https:\/\/studiodoublem.fr\/wp-content\/uploads\/2023\/09\/CARTE-DE-VISITE-VIVA-EV-1-1024x1024.png 1024w, https:\/\/studiodoublem.fr\/wp-content\/uploads\/2023\/09\/CARTE-DE-VISITE-VIVA-EV-1-150x150.png 150w, https:\/\/studiodoublem.fr\/wp-content\/uploads\/2023\/09\/CARTE-DE-VISITE-VIVA-EV-1-768x768.png 768w, https:\/\/studiodoublem.fr\/wp-content\/uploads\/2023\/09\/CARTE-DE-VISITE-VIVA-EV-1-500x500.png 500w, https:\/\/studiodoublem.fr\/wp-content\/uploads\/2023\/09\/CARTE-DE-VISITE-VIVA-EV-1-800x800.png 800w\" sizes=\"(max-width: 1080px) 100vw, 1080px\" \/><\/figure>\n<\/figure>\n<\/div>\n<\/div>\n<\/div>\n\n\n\n<div class=\"wp-container-54 wp-block-column is-vertically-aligned-center\">\n<figure class=\"wp-container-53 wp-block-gallery-52 wp-block-gallery has-nested-images columns-default is-cropped\">\n<figure class=\"wp-block-image size-large\"><img loading=\"lazy\" width=\"1080\" height=\"1080\" src=\"http:\/\/studiodoublem.fr\/wp-content\/uploads\/2023\/09\/CARTE-DE-VISITE-ARTMONIE-DU-TOUCHER-1.png\" alt=\"\" class=\"wp-image-914\" srcset=\"https:\/\/studiodoublem.fr\/wp-content\/uploads\/2023\/09\/CARTE-DE-VISITE-ARTMONIE-DU-TOUCHER-1.png 1080w, https:\/\/studiodoublem.fr\/wp-content\/uploads\/2023\/09\/CARTE-DE-VISITE-ARTMONIE-DU-TOUCHER-1-300x300.png 300w, https:\/\/studiodoublem.fr\/wp-content\/uploads\/2023\/09\/CARTE-DE-VISITE-ARTMONIE-DU-TOUCHER-1-1024x1024.png 1024w, https:\/\/studiodoublem.fr\/wp-content\/uploads\/2023\/09\/CARTE-DE-VISITE-ARTMONIE-DU-TOUCHER-1-150x150.png 150w, https:\/\/studiodoublem.fr\/wp-content\/uploads\/2023\/09\/CARTE-DE-VISITE-ARTMONIE-DU-TOUCHER-1-768x768.png 768w, https:\/\/studiodoublem.fr\/wp-content\/uploads\/2023\/09\/CARTE-DE-VISITE-ARTMONIE-DU-TOUCHER-1-500x500.png 500w, https:\/\/studiodoublem.fr\/wp-content\/uploads\/2023\/09\/CARTE-DE-VISITE-ARTMONIE-DU-TOUCHER-1-800x800.png 800w\" sizes=\"(max-width: 1080px) 100vw, 1080px\" \/><\/figure>\n<\/figure>\n<\/div>\n\n\n\n<div class=\"wp-container-57 wp-block-column\">\n<figure class=\"wp-container-56 wp-block-gallery-55 wp-block-gallery has-nested-images columns-default is-cropped\">\n<figure class=\"wp-block-image size-large\"><img loading=\"lazy\" width=\"1080\" height=\"1080\" src=\"http:\/\/studiodoublem.fr\/wp-content\/uploads\/2023\/09\/CARTE-DE-VISITE-STUDIO.png\" alt=\"\" class=\"wp-image-913\" srcset=\"https:\/\/studiodoublem.fr\/wp-content\/uploads\/2023\/09\/CARTE-DE-VISITE-STUDIO.png 1080w, https:\/\/studiodoublem.fr\/wp-content\/uploads\/2023\/09\/CARTE-DE-VISITE-STUDIO-300x300.png 300w, https:\/\/studiodoublem.fr\/wp-content\/uploads\/2023\/09\/CARTE-DE-VISITE-STUDIO-1024x1024.png 1024w, https:\/\/studiodoublem.fr\/wp-content\/uploads\/2023\/09\/CARTE-DE-VISITE-STUDIO-150x150.png 150w, https:\/\/studiodoublem.fr\/wp-content\/uploads\/2023\/09\/CARTE-DE-VISITE-STUDIO-768x768.png 768w, https:\/\/studiodoublem.fr\/wp-content\/uploads\/2023\/09\/CARTE-DE-VISITE-STUDIO-500x500.png 500w, https:\/\/studiodoublem.fr\/wp-content\/uploads\/2023\/09\/CARTE-DE-VISITE-STUDIO-800x800.png 800w\" sizes=\"(max-width: 1080px) 100vw, 1080px\" \/><\/figure>\n<\/figure>\n<\/div>\n<\/div>\n\n\n\n<div class=\"wp-container-68 wp-block-columns\">\n<div class=\"wp-container-61 wp-block-column\">\n<figure class=\"wp-container-60 wp-block-gallery-59 wp-block-gallery has-nested-images columns-default is-cropped\">\n<figure class=\"wp-block-image size-large\"><img loading=\"lazy\" width=\"1024\" height=\"1024\" src=\"https:\/\/studiodoublem.fr\/wp-content\/uploads\/2023\/09\/BULLETIN-MUNICIPAL-MAYRAN-1-1024x1024.png\" alt=\"\" class=\"wp-image-921\" srcset=\"https:\/\/studiodoublem.fr\/wp-content\/uploads\/2023\/09\/BULLETIN-MUNICIPAL-MAYRAN-1-1024x1024.png 1024w, https:\/\/studiodoublem.fr\/wp-content\/uploads\/2023\/09\/BULLETIN-MUNICIPAL-MAYRAN-1-300x300.png 300w, https:\/\/studiodoublem.fr\/wp-content\/uploads\/2023\/09\/BULLETIN-MUNICIPAL-MAYRAN-1-150x150.png 150w, https:\/\/studiodoublem.fr\/wp-content\/uploads\/2023\/09\/BULLETIN-MUNICIPAL-MAYRAN-1-768x768.png 768w, https:\/\/studiodoublem.fr\/wp-content\/uploads\/2023\/09\/BULLETIN-MUNICIPAL-MAYRAN-1-500x500.png 500w, https:\/\/studiodoublem.fr\/wp-content\/uploads\/2023\/09\/BULLETIN-MUNICIPAL-MAYRAN-1-800x800.png 800w, https:\/\/studiodoublem.fr\/wp-content\/uploads\/2023\/09\/BULLETIN-MUNICIPAL-MAYRAN-1.png 1080w\" sizes=\"(max-width: 1024px) 100vw, 1024px\" \/><\/figure>\n<\/figure>\n<\/div>\n\n\n\n<div class=\"wp-container-64 wp-block-column\">\n<figure class=\"wp-container-63 wp-block-gallery-62 wp-block-gallery has-nested-images columns-default is-cropped\">\n<figure class=\"wp-block-image size-large\"><img loading=\"lazy\" width=\"1024\" height=\"1024\" src=\"https:\/\/studiodoublem.fr\/wp-content\/uploads\/2023\/09\/DEPLIANT-G2RT-1024x1024.png\" alt=\"\" class=\"wp-image-919\" srcset=\"https:\/\/studiodoublem.fr\/wp-content\/uploads\/2023\/09\/DEPLIANT-G2RT-1024x1024.png 1024w, https:\/\/studiodoublem.fr\/wp-content\/uploads\/2023\/09\/DEPLIANT-G2RT-300x300.png 300w, https:\/\/studiodoublem.fr\/wp-content\/uploads\/2023\/09\/DEPLIANT-G2RT-150x150.png 150w, https:\/\/studiodoublem.fr\/wp-content\/uploads\/2023\/09\/DEPLIANT-G2RT-768x768.png 768w, https:\/\/studiodoublem.fr\/wp-content\/uploads\/2023\/09\/DEPLIANT-G2RT-500x500.png 500w, https:\/\/studiodoublem.fr\/wp-content\/uploads\/2023\/09\/DEPLIANT-G2RT-800x800.png 800w, https:\/\/studiodoublem.fr\/wp-content\/uploads\/2023\/09\/DEPLIANT-G2RT.png 1080w\" sizes=\"(max-width: 1024px) 100vw, 1024px\" \/><\/figure>\n<\/figure>\n<\/div>\n\n\n\n<div class=\"wp-container-67 wp-block-column\">\n<figure class=\"wp-container-66 wp-block-gallery-65 wp-block-gallery has-nested-images columns-default is-cropped\">\n<figure class=\"wp-block-image size-large\"><img loading=\"lazy\" width=\"1024\" height=\"1024\" src=\"https:\/\/studiodoublem.fr\/wp-content\/uploads\/2023\/09\/5_TOTEBAG-1024x1024.png\" alt=\"\" class=\"wp-image-924\" srcset=\"https:\/\/studiodoublem.fr\/wp-content\/uploads\/2023\/09\/5_TOTEBAG-1024x1024.png 1024w, https:\/\/studiodoublem.fr\/wp-content\/uploads\/2023\/09\/5_TOTEBAG-300x300.png 300w, https:\/\/studiodoublem.fr\/wp-content\/uploads\/2023\/09\/5_TOTEBAG-150x150.png 150w, https:\/\/studiodoublem.fr\/wp-content\/uploads\/2023\/09\/5_TOTEBAG-768x768.png 768w, https:\/\/studiodoublem.fr\/wp-content\/uploads\/2023\/09\/5_TOTEBAG-500x500.png 500w, https:\/\/studiodoublem.fr\/wp-content\/uploads\/2023\/09\/5_TOTEBAG-800x800.png 800w, https:\/\/studiodoublem.fr\/wp-content\/uploads\/2023\/09\/5_TOTEBAG.png 1080w\" sizes=\"(max-width: 1024px) 100vw, 1024px\" \/><figcaption>projet fictif<\/figcaption><\/figure>\n<\/figure>\n<\/div>\n<\/div>\n<\/div>\n\n\n\n<div style=\"height:20px\" aria-hidden=\"true\" class=\"wp-block-spacer\"><\/div>\n\n\n\n<hr class=\"wp-block-separator has-alpha-channel-opacity\"\/>\n\n\n\n<div style=\"height:20px\" aria-hidden=\"true\" class=\"wp-block-spacer\"><\/div>\n\n\n\n<h2 class=\"has-text-align-center\"><\/h2>\n<\/div>\n","protected":false},"excerpt":{"rendered":"<p>Tu trouveras ci-apr\u00e8s les r\u00e9alisations des clients qui m&rsquo;ont fait confiance IDENTITE VISUELLE Ton identit\u00e9 visuelle est la base de ta strat\u00e9gie de communication. Une \u00e9tape \u00e0 ne pas sous-estimer lors de la cr\u00e9ation de ton business.&nbsp;Elle symbolise ta personnalit\u00e9.&nbsp;D\u00e9marque toi gr\u00e2ce \u00e0 elle ! SITE WEB Pour les entrepreneur(euse)s qui cherchent \u00e0 d\u00e9velopper leur&hellip;&nbsp;<a href=\"https:\/\/studiodoublem.fr\/?page_id=445\" class=\"\" rel=\"bookmark\">Lire la suite &raquo;<span class=\"screen-reader-text\">Portfolio<\/span><\/a><\/p>\n","protected":false},"author":1,"featured_media":0,"parent":0,"menu_order":0,"comment_status":"closed","ping_status":"closed","template":"page-templates\/template-pagebuilder-full-width.php","meta":{"om_disable_all_campaigns":false,"_monsterinsights_skip_tracking":false,"_monsterinsights_sitenote_active":false,"_monsterinsights_sitenote_note":"","_monsterinsights_sitenote_category":0,"neve_meta_sidebar":"","neve_meta_container":"","neve_meta_enable_content_width":"","neve_meta_content_width":0,"neve_meta_title_alignment":"","neve_meta_author_avatar":"","neve_post_elements_order":"","neve_meta_disable_header":"","neve_meta_disable_footer":"","neve_meta_disable_title":"","_ti_tpc_template_sync":false,"_ti_tpc_template_id":"","_vp_format_video_url":"","_vp_image_focal_point":[]},"aioseo_notices":[],"_links":{"self":[{"href":"https:\/\/studiodoublem.fr\/index.php?rest_route=\/wp\/v2\/pages\/445"}],"collection":[{"href":"https:\/\/studiodoublem.fr\/index.php?rest_route=\/wp\/v2\/pages"}],"about":[{"href":"https:\/\/studiodoublem.fr\/index.php?rest_route=\/wp\/v2\/types\/page"}],"author":[{"embeddable":true,"href":"https:\/\/studiodoublem.fr\/index.php?rest_route=\/wp\/v2\/users\/1"}],"replies":[{"embeddable":true,"href":"https:\/\/studiodoublem.fr\/index.php?rest_route=%2Fwp%2Fv2%2Fcomments&post=445"}],"version-history":[{"count":27,"href":"https:\/\/studiodoublem.fr\/index.php?rest_route=\/wp\/v2\/pages\/445\/revisions"}],"predecessor-version":[{"id":926,"href":"https:\/\/studiodoublem.fr\/index.php?rest_route=\/wp\/v2\/pages\/445\/revisions\/926"}],"wp:attachment":[{"href":"https:\/\/studiodoublem.fr\/index.php?rest_route=%2Fwp%2Fv2%2Fmedia&parent=445"}],"curies":[{"name":"wp","href":"https:\/\/api.w.org\/{rel}","templated":true}]}}